List the prime factors of w/5 - 284/(-10).
2, 7
Suppose -73 = 4*n + 5*a, -2*n - 33 = 3*a + 6. Let j(t) = t + 36. Let c be j(-11). Let q = n + c. What are the prime factors of q?
13
Suppose 0 = -5*z + 10 + 10. Suppose 0*f = z*f - 100. List the prime factors of f.
5
Let u be (6/(-9))/(2/3). List the prime factors of u + (-87)/(-6)*2.
2, 7
Suppose -4*v = c - 300, -5*v + 5*c = 201 - 551. Suppose -5*n = -v - 11. List the prime factors of n.
17
Let j(y) = -3*y - 4. Let f be j(-3). Suppose 0 = r - 5*w - 4, 5*r - 33 - 27 = f*w. List the prime factors of r.
2, 7
Let a(k) = 4*k + 1. Let s be a(-5). Let x = 35 + s. List the prime factors of x.
2
List the prime factors of (58 - 8) + (-2 - 2).
2, 23
Suppose 0 = 2*x + 2*t, 3*x + 2*t = 2 - 7. Let g = 0 - x. What are the prime factors of g?
5
Suppose -n - 225 = -5*t, 3*n = -3*t + 2*n + 127. What are the prime factors of t?
2, 11
Suppose m = -2 + 5. Suppose 4 = m*d + 13, -2*r = d - 3. Suppose 30 = r*u + 3. What are the prime factors of u?
3
Suppose i + 0 = 5. Suppose -6 = -i*q + 64. What are the prime factors of q?
2, 7
Let y(w) be the first derivative of w**4/4 - 7*w**3/3 + 9*w + 1. Let t be y(7). What are the prime factors of t*1 - (5 + -5)?
3
Let p(w) = -w + 104. List the prime factors of p(0).
2, 13
Let b(i) = 4*i**2 - 2*i + 1. Let u = -3 - -5. What are the prime factors of b(u)?
13
Let c = 3 + 43. List the prime factors of c.
2, 23
Let q(l) = -l**3 + 5*l**2 - 4*l + 1. Suppose 0 = 3*f + f - 12. List the prime factors of q(f).
7
Suppose -4*n + 164 = -180. What are the prime factors of n?
2, 43
What are the prime factors of (36/(-14))/((-15)/560)?
2, 3
Let u(f) = 3*f - 3. Let l be u(-3). Suppose 0 = -5*v - 5*p + 65, v - 4*p = 26 + 7. Let z = l + v. List the prime factors of z.
5
Let f be (-3)/5 - 26/(-10). Suppose 4*r - 4*q = 20, -f*r = -0*q + q + 2. Let s = 13 + r. What are the prime factors of s?
2, 7
Suppose -s + 41 = -62. Suppose 0 = -2*b - 2*f + 66, 3*b + 0*f = -f + s. List the prime factors of b.
5, 7
Suppose -2*h + 46 = -44. What are the prime factors of h?
3, 5
Let o(u) = 2*u**3 + u**2 - 2*u + 2. What are the prime factors of o(2)?
2, 3
Let h be 0/(-2 - -3) + -55. Let m = -36 - h. What are the prime factors of m?
19
Let f(z) = 7*z**2 + 3*z - 10. Let y be f(-5). Suppose -b - y = -6*b. What are the prime factors of b?
2, 3, 5
Let r(n) = n**2 - 4*n - 2. Let m be r(5). Suppose -m*g + 64 = g. List the prime factors of g.
2
Let c = 78 - 35. What are the prime factors of c/5 - 4/(-10)?
3
What are the prime factors of 18/63 - (-299)/7?
43
List the prime factors of (80/(-1))/(-4) - 5.
3, 5
Let b(z) = 3*z**3 + 7*z**2 + 0*z**3 - 5 - 9*z - 2*z**3. Let d be b(-8). List the prime factors of (d*-2)/((-9)/12).
2
Let b(q) = q + 8. Let w be b(-10). List the prime factors of w - -2 - (-1 + -12).
13
List the prime factors of (-5)/(-15) + (-334)/(-6).
2, 7
Suppose -y + 40 - 8 = 3*k, 5*y - 214 = 3*k. Suppose z = 3*x - 37, -x - 2*x + 5*z + y = 0. Suppose 60 = 6*w - w + 4*t, -w = 4*t - x. List the prime factors of w.
2, 3
Let g(m) = 4 - 3 + m - 2*m + 19*m. What are the prime factors of g(1)?
19
Let h(o) = -3*o**2 - 2*o + 1. Let l be h(1). Let x be (-3)/l - 150/8. What are the prime factors of x/(-2*(1 + 0))?
3
Let i = -9 - -11. Let s = 16 + i. List the prime factors of s.
2, 3
Suppose -31 = -4*r + r - 4*p, -3*r - 2*p + 35 = 0. List the prime factors of r.
13
Let a be ((-15)/4)/((-3)/(-24)). Let u = -16 - a. List the prime factors of u.
2, 7
List the prime factors of 1/(1/18*1).
2, 3
Let v be (-3 - -1)/(-4)*10. Suppose 3*n = -v*x + 61, -3*x + 5*x - 16 = -4*n. What are the prime factors of x?
2, 7
Suppose 0*u - 128 = -4*u. List the prime factors of u.
2
Let w(u) = 2*u**2 + 3. Let m be w(-4). Let o be (2/(-2))/(20/(-40)). Suppose n - 16 = 2*a, 0*a = -o*n + a + m. What are the prime factors of n?
2, 3
Let n(v) = -8*v**2 + 2. Let j(q) = 4*q**2 - 1. Let w(g) = 9*j(g) + 4*n(g). List the prime factors of w(1).
3
Suppose -5*n - 4*x = -114, 138 = 5*n - 3*x + x. What are the prime factors of n?
2, 13
Let h(n) be the first derivative of 2*n**3/3 + 3*n**2 + 7*n - 2. What are the prime factors of h(-5)?
3
Suppose -3*w - 59 = -2*c + 2*w, 41 = 3*c + 2*w. List the prime factors of c.
17
Let c = 3 - -34. What are the prime factors of c?
37
Let x(p) = -75*p - 6. What are the prime factors of x(-2)?
2, 3
Suppose 3*c - 2*c + 5*v - 8 = 0, -2*v = 3*c - 11. Suppose -3*g - 2*g - 46 = -c*o, -5*g = 4*o - 38. List the prime factors of o.
2, 3
Let r = -20 + 38. List the prime factors of r.
2, 3
Suppose 2*r + g - 12 + 5 = 0, -g - 13 = -3*r. Let a = r - 1. What are the prime factors of (-31)/(-3) + (-1)/a?
2, 5
Let j(p) = p**2 - 6*p + 9. Let n be j(13). Suppose n = 9*x - 4*x. What are the prime factors of x?
2, 5
Let i be 3 - 2*2/(-4). Let f(t) = -t - 2 + i - 1 + 1. List the prime factors of f(-5).
7
Let n = 2 + 0. Let c be (40/12)/(n/3). Suppose -5*t = c*u - 35, -t = -2*u + 31 - 2. What are the prime factors of u?
2, 3
Suppose 0*o + 3*o = 99. Let f be o + (-4)/((-4)/(-3)). List the prime factors of f/12*(-32)/(-10).
2
Let z(o) = o**3 + 10*o**2 - 9*o + 14. List the prime factors of z(-10).
2, 13
Suppose -2*c + 132 = -c. What are the prime factors of c?
2, 3, 11
Let h be (-6)/(-9) + (-46)/(-3). Suppose -3 = -s - 0. Suppose 4*x + h = 2*f, f - s*x - 2 = -7*x. What are the prime factors of f?
2, 3
What are the prime factors of 4/22 - (-13986)/154?
7, 13
Suppose 8*q + 630 = 10*q - 2*i, 0 = -3*q + 4*i + 942. What are the prime factors of q?
2, 3, 53
Let m = 109 - 29. List the prime factors of m.
2, 5
Let s(f) = -2*f - 10. Let w be s(-7). Suppose 0 = -5*x + w*x + 3*t - 9, 0 = 4*x - t - 8. Suppose x*c = 4*c - 8. List the prime factors of c.
2
Suppose -38 = -5*v + 4*v. What are the prime factors of v?
2, 19
Suppose -4*f - f - 5*h + 365 = 0, 4*f - 294 = -2*h. What are the prime factors of f?
2, 37
Suppose 38*a - 34*a - 656 = 0. What are the prime factors of a?
2, 41
Suppose 5*i = -5*g + 10, 3*g + i = 2*i + 22. Suppose g*y - 195 = y. List the prime factors of y.
3, 13
Let t = -4 + 8. Suppose -13 - 23 = -t*d. List the prime factors of d.
3
Suppose -3*k = -4*k + 3*x + 6, 0 = -5*x + 5. Let t be (-2)/7 - (-23)/7. Suppose t*m - k = 12. What are the prime factors of m?
7
Let n be 4/18 - 75/(-27). Suppose -2*v - 5*b = -0*b - 25, -3*b + n = 0. List the prime factors of v.
2, 5
Let k(j) be the first derivative of -j**4/12 + j**3 + 2*j**2 + 3*j + 4. Let h(p) be the first derivative of k(p). What are the prime factors of h(6)?
2
Let w(n) = n**2 + 52. What are the prime factors of w(0)?
2, 13
Let x = 13 + -7. Let z be 6/(-4)*x/(-9). Let o = z - -2. List the prime factors of o.
3
Let y(j) be the third derivative of -j**4/24 + j**3/6 + j**2. Let c be y(3). Let w = c - -6. List the prime factors of w.
2
Let y(p) be the third derivative of p**6/40 - 7*p**5/60 + 5*p**4/24 + 2*p**3/3 + 2*p**2. Let r be y(4). List the prime factors of r/10 - 18/(-30).
11
Suppose -2*c + 3*c = f + 3, 3*c - 2*f - 10 = 0. List the prime factors of (-3)/((-12)/14)*c.
2, 7
Suppose 0*w + 20 = 4*w. Let s be 2/w - 58/(-5). Let j = s + -4. What are the prime factors of j?
2
Suppose -50 - 10 = -2*k. List the prime factors of k.
2, 3, 5
Let z(g) = 12*g - 2. Let p be z(3). Suppose -74 - p = -4*x. List the prime factors of x/(-2)*(-2)/3.
3
Let g = 134 + -55. Suppose 3*b = 3, 3*b = 2*u - 0*u - g. List the prime factors of u.
41
Suppose -7*t - 210 = -10*t. What are the prime factors of t?
2, 5, 7
Suppose -4*k - 33 = -5*k - 4*r, 4*k + 5*r = 77. What are the prime factors of k?
13
Suppose 3*t - 62 - 30 = 4*x, 3*x - 50 = -2*t. Suppose -8 = 2*s - t. List the prime factors of s.
2, 5
Let k be (-65)/(-20) - (-2)/(-8). Let x(t) = t - 3. Let p be x(k). List the prime factors of 8 - (-1 + p + -1).
2, 5
Let x(a) = a**3 + 7*a**2 + 10. Let n(v) = v**2 + 5*v + 2. Let m be n(-5). Suppose 14 = -m*j - 0*j. List the prime factors of x(j).
2, 5
Let h = -59 + 106. What are the prime factors of h?
47
Suppose 0*x = x - 2*c - 15, 3*c = -4*x + 16. Let r(t) = 4*t - 3*t + 2 - 3. List the prime factors of r(x).
2, 3
Let l(j) = -j**3 + j**2 + 10. Let k be l(0). Suppose 11*p = k*p + 36. What are the prime factors of p?
2, 3
Let p(t) = -7*t**3 + t**2 + t + 1. Let n be p(-1). Let y = -5 + n. Suppose 3*w + 3*c = 27, -8*w + 13 = -3*w - y*c. W